{"id":57,"date":"2019-07-02T01:04:07","date_gmt":"2019-07-01T23:04:07","guid":{"rendered":"http:\/\/www.empresatecnicacadiz.com\/?page_id=57"},"modified":"2019-12-10T13:16:01","modified_gmt":"2019-12-10T11:16:01","slug":"noticias","status":"publish","type":"page","link":"http:\/\/www.empresatecnicacadiz.com\/index.php\/noticias\/","title":{"rendered":"Noticias"},"content":{"rendered":"\n<h4 class=\"wp-block-heading\">Visita a la Feria METSTRADE 2019<\/h4>\n\n\n\n<p>EMPRESA T\u00c9CNICA C\u00c1DIZ S.L. ha sido beneficiaria del Fondo Europeo de Desarrollo Regional cuyo objetivo es conseguir un tejido empresarial m\u00e1s competitivo y gracias al que ha participado en la actuaci\u00f3n Visita a la Feria METSTRADE Amsterdam 2019 para fomentar su internacionalizaci\u00f3n. Esta acci\u00f3n ha tenido lugar del 18 al 21 de noviembre de 2019. Para ello ha contado con el apoyo del Programa Internacional de Promoci\u00f3n de la C\u00e1mara de Comercio de C\u00e1diz.<\/p>\n\n\n\n<p><strong>Una manera de hacer Europa<\/strong><\/p>\n\n\n\n<figure class=\"wp-block-image\"><a href=\"http:\/\/tincasur.com\/wp-content\/uploads\/2019\/04\/Camara01.png\"><img decoding=\"async\" src=\"http:\/\/tincasur.com\/wp-content\/uploads\/2019\/04\/Camara01-300x20.png\" alt=\"\" class=\"wp-image-1189\"\/><\/a><\/figure>\n\n\n\n<h4 class=\"wp-block-heading\">Participaci\u00f3n agrupada en la Feria NOR-SHIPPING 2019<\/h4>\n\n\n\n<p>EMPRESA T\u00c9CNICA C\u00c1DIZ S.L. ha sido beneficiaria del Fondo Europeo de Desarrollo Regional cuyo objetivo es conseguir un tejido empresarial m\u00e1s competitivo y gracias al que ha participado en la actuaci\u00f3n&nbsp;Participaci\u00f3n Agrupada en la Feria Nor-Shipping 2019 (Oslo) para fomentar su internacionalizaci\u00f3n. Esta acci\u00f3n ha tenido lugar del 4 al 7 de junio de 2019. Para ello ha contado con el apoyo del Programa Internacional de Promoci\u00f3n de la C\u00e1mara de Comercio de C\u00e1diz.<\/p>\n\n\n\n<p><strong>Una manera de hacer Europa<\/strong><\/p>\n\n\n\n<figure class=\"wp-block-image\"><a href=\"http:\/\/tincasur.com\/wp-content\/uploads\/2019\/04\/Camara01.png\"><img decoding=\"async\" src=\"http:\/\/tincasur.com\/wp-content\/uploads\/2019\/04\/Camara01-300x20.png\" alt=\"\" class=\"wp-image-1189\"\/><\/a><\/figure>\n","protected":false},"excerpt":{"rendered":"<p>Visita a la Feria METSTRADE 2019 EMPRESA T\u00c9CNICA C\u00c1DIZ S.L. ha sido beneficiaria del Fondo Europeo de Desarrollo Regional cuyo objetivo es conseguir un tejido empresarial m\u00e1s competitivo y gracias al que ha participado en la actuaci\u00f3n Visita a la Feria METSTRADE Amsterdam 2019 para fomentar su internacionalizaci\u00f3n. Esta acci\u00f3n ha tenido lugar del 18 &hellip; <\/p>\n<p class=\"link-more\"><a href=\"http:\/\/www.empresatecnicacadiz.com\/index.php\/noticias\/\" class=\"more-link\">Seguir leyendo<span class=\"screen-reader-text\"> \u00abNoticias\u00bb<\/span><\/a><\/p>\n","protected":false},"author":1,"featured_media":0,"parent":0,"menu_order":0,"comment_status":"closed","ping_status":"closed","template":"","meta":{"_exactmetrics_skip_tracking":false,"_exactmetrics_sitenote_active":false,"_exactmetrics_sitenote_note":"","_exactmetrics_sitenote_category":0,"ngg_post_thumbnail":0,"footnotes":""},"class_list":["post-57","page","type-page","status-publish","hentry","entry"],"_links":{"self":[{"href":"http:\/\/www.empresatecnicacadiz.com\/index.php\/wp-json\/wp\/v2\/pages\/57","targetHints":{"allow":["GET"]}}],"collection":[{"href":"http:\/\/www.empresatecnicacadiz.com\/index.php\/wp-json\/wp\/v2\/pages"}],"about":[{"href":"http:\/\/www.empresatecnicacadiz.com\/index.php\/wp-json\/wp\/v2\/types\/page"}],"author":[{"embeddable":true,"href":"http:\/\/www.empresatecnicacadiz.com\/index.php\/wp-json\/wp\/v2\/users\/1"}],"replies":[{"embeddable":true,"href":"http:\/\/www.empresatecnicacadiz.com\/index.php\/wp-json\/wp\/v2\/comments?post=57"}],"version-history":[{"count":3,"href":"http:\/\/www.empresatecnicacadiz.com\/index.php\/wp-json\/wp\/v2\/pages\/57\/revisions"}],"predecessor-version":[{"id":64,"href":"http:\/\/www.empresatecnicacadiz.com\/index.php\/wp-json\/wp\/v2\/pages\/57\/revisions\/64"}],"wp:attachment":[{"href":"http:\/\/www.empresatecnicacadiz.com\/index.php\/wp-json\/wp\/v2\/media?parent=57"}],"curies":[{"name":"wp","href":"https:\/\/api.w.org\/{rel}","templated":true}]}}

<h4 class="wp-block-heading">Visita a la Feria METSTRADE 2019</h4>



<p>EMPRESA TÉCNICA CÁDIZ S.L. ha sido beneficiaria del Fondo Europeo de Desarrollo Regional cuyo objetivo es conseguir un tejido empresarial más competitivo y gracias al que ha participado en la actuación Visita a la Feria METSTRADE Amsterdam 2019 para fomentar su internacionalización. Esta acción ha tenido lugar del 18 al 21 de noviembre de 2019. Para ello ha contado con el apoyo del Programa Internacional de Promoción de la Cámara de Comercio de Cádiz.</p>



<p><strong>Una manera de hacer Europa</strong></p>



<figure class="wp-block-image"><a href="http://tincasur.com/wp-content/uploads/2019/04/Camara01.png"><img decoding="async" src="http://tincasur.com/wp-content/uploads/2019/04/Camara01-300x20.png" alt="" class="wp-image-1189"/></a></figure>



<h4 class="wp-block-heading">Participación agrupada en la Feria NOR-SHIPPING 2019</h4>



<p>EMPRESA TÉCNICA CÁDIZ S.L. ha sido beneficiaria del Fondo Europeo de Desarrollo Regional cuyo objetivo es conseguir un tejido empresarial más competitivo y gracias al que ha participado en la actuación&nbsp;Participación Agrupada en la Feria Nor-Shipping 2019 (Oslo) para fomentar su internacionalización. Esta acción ha tenido lugar del 4 al 7 de junio de 2019. Para ello ha contado con el apoyo del Programa Internacional de Promoción de la Cámara de Comercio de Cádiz.</p>



<p><strong>Una manera de hacer Europa</strong></p>



<figure class="wp-block-image"><a href="http://tincasur.com/wp-content/uploads/2019/04/Camara01.png"><img decoding="async" src="http://tincasur.com/wp-content/uploads/2019/04/Camara01-300x20.png" alt="" class="wp-image-1189"/></a></figure>

<p>Visita a la Feria METSTRADE 2019 EMPRESA TÉCNICA CÁDIZ S.L. ha sido beneficiaria del Fondo Europeo de Desarrollo Regional cuyo objetivo es conseguir un tejido empresarial más competitivo y gracias al que ha participado en la actuación Visita a la Feria METSTRADE Amsterdam 2019 para fomentar su internacionalización. Esta acción ha tenido lugar del 18 &hellip; </p>
<p class="link-more"><a href="http://www.empresatecnicacadiz.com/index.php/noticias/" class="more-link">Seguir leyendo<span class="screen-reader-text"> «Noticias»</span></a></p>
